actors of q?
2, 5
Let a be (-6)/15*(-18 - -3). Let v(f) = f - 4. Let k be v(a). Suppose k*m + 5 = 15. What are the prime factors of m?
5
Suppose -3*a + 7 = -2, 4*a = 3*s - 39. Let r = s + -8. What are the prime factors of r?
3
Suppose 0*x + 2*a = -x + 32, -3*a = 3*x - 96. What are the prime factors of x?
2
Suppose -4*h - 4*l + 1086 = -l, l = -h + 271. What are the prime factors of h?
3, 7, 13
Let h = 17 + 15. Let p be (-66)/(-18) + (-4)/6. Suppose -s - p*a + 11 = 0, s + s + a - h = 0. What are the prime factors of s?
17
Let d be 1*-2 + -5 + 9. Let k be 1*d*(-22)/(-4). Suppose 3*g = -5*m + 47, 2 = g + m - k. List the prime factors of g.
3
Suppose -2*p - 1 = 3*y, 25 = -5*p + 2*y - 6. What are the prime factors of (-2 + (-1)/(-5))*p?
3
Suppose -s + 97 = -0*s. Suppose -s = -5*b - 27. Let t = b - -1. What are the prime factors of t?
3, 5
Let j = -1 - -20. Let h = j - 12. List the prime factors of h.
7
Suppose -3*f - 6 = 264. Let j = -44 - f. What are the prime factors of j?
2, 23
Let c(k) = k**3 + 8*k**2 - 9*k. Let q be 21/(9/(-3)) + -2. Let i be c(q). Let r = 6 + i. List the prime factors of r.
2, 3
Suppose 5*z = w - 124, 0 = -5*w + 2*z + z + 686. What are the prime factors of w?
139
Suppose 4*z = 5*z - 3. What are the prime factors of z?
3
Suppose -7*u - 216 = -4*s - 4*u, -155 = -3*s + 4*u. List the prime factors of s.
3, 19
Suppose -3*x + 11 - 2 = 0. Suppose 0 = -2*u + u + 12. Let n = x + u. What are the prime factors of n?
3, 5
Let j(o) = -o**3 - 22*o**2 - 6*o - 34. What are the prime factors of j(-22)?
2, 7
Suppose -162 = 3*k - 675. What are the prime factors of k?
3, 19
Suppose -5*c - 25 = 0, 0*c + 4*c + 16 = -2*i. Let d be (-4 + 2)/i*-3. Suppose -7*v + 2*v = -5, -5 = -a - d*v. What are the prime factors of a?
2
Let t(p) = -3*p + 1. Let j(l) = -2*l**2 - 2*l - 1. Let q be j(-1). Let z = -2 + q. List the prime factors of t(z).
2, 5
Let b = -15 + 27. Let x = -6 + b. Suppose x = 2*y - y. List the prime factors of y.
2, 3
Suppose 0 = 3*f - 4*r - 340, f + 3*r = 71 + 38. What are the prime factors of f?
2, 7
Let s(k) = -k**3 + 5*k**2 + 6*k + 7. Let o = -12 - -18. List the prime factors of s(o).
7
Suppose -j + 4*c - 6*c = -6, -j + 9 = 3*c. Suppose j*l - 282 = -6*l. List the prime factors of l.
47
Suppose 2*l - 5 = 3. Let g be (-2)/(-9) + 238/63. Suppose -20 = g*o, -3*u = -u - l*o - 40. List the prime factors of u.
2, 5
Suppose -4*j - 12 = -2*f, -j + 4*f = 2*j + 14. Let o = j - -23. List the prime factors of o.
3, 7
Let o(y) = -1 + 15*y**3 + 0 - 2*y**2 - 3*y**3 + 2*y. Let v = -1 + 2. List the prime factors of o(v).
11
Suppose -3*b - 3*a = -5*b - 11, -2*a = -2*b - 6. Suppose 70 = 7*h - b*h. What are the prime factors of h?
2, 7
Suppose 5*m = 717 - 222. What are the prime factors of m?
3, 11
List the prime factors of -20*(-4 - (-7)/2).
2, 5
Suppose -5*y = -v + 80, -2*v - v + 220 = 5*y. What are the prime factors of v?
3, 5
Let l(s) be the second derivative of -s**5/20 + 5*s**4/12 - 3*s**2/2 + 25*s. Let x(f) = -f + 1. Let o be x(-3). What are the prime factors of l(o)?
13
Suppose -10 = -3*p + 2*r + 6, 0 = -2*p - 2*r + 4. Suppose p*v - 146 = 5*b, v - 6*v - 2*b = -166. List the prime factors of v.
2, 17
Suppose 6*d - 2*d - 220 = -3*j, 0 = -2*j + d + 143. What are the prime factors of j?
2, 3
Let z = -5 + 6. List the prime factors of 11 + 11 - -2*z.
2, 3
Let a be 1/(-1*1/1). Let u(x) = x**3 + 4*x**2 - x - 10. Let i be u(-3). List the prime factors of i*((-1)/(-2) - a).
3
Let y = 62 + -41. Let d = y - 18. List the prime factors of d.
3
Let p = 16 - 9. Let h = 15 - p. List the prime factors of h.
2
Suppose 15 = o - 97. What are the prime factors of o?
2, 7
Let s(m) = -m**3 - 2*m**2 + 6*m + 1. Let p be s(-4). Let b = p - 3. What are the prime factors of ((-9)/2)/(b/(-8))?
2, 3
Let j be (2 + 8)*(0 + -1). Let z = 21 + j. List the prime factors of z.
11
Let a(m) = 4*m**2 + 5*m + 9. What are the prime factors of a(-5)?
2, 3, 7
Suppose -5*a = -4*c - 777, -3*a - 2*c = -2*a - 147. What are the prime factors of a?
3, 17
Let b = -68 + 279. What are the prime factors of b?
211
Let f(r) = 3 - 8*r + 2 - 4 + 0. Let i(l) = -l**2 + 2*l + 2. Let h be i(3). List the prime factors of f(h).
3
Let z(s) = 3*s**2 - 5*s - 44. What are the prime factors of z(10)?
2, 103
Let r(m) = -6 + 2*m**3 + 3*m + 3 - m**2 - m**3. What are the prime factors of r(2)?
7
Suppose -4*x + 4*o + 18 = -2*x, -5*o - 27 = -3*x. List the prime factors of x.
3
Let a(q) = q**3 - 5*q**2 - 9*q + 2. What are the prime factors of a(7)?
37
List the prime factors of (-4)/4 + 1*230 + 0.
229
Let k(d) = -d**3 + 3*d**2 + d + 2. What are the prime factors of k(2)?
2
Let m = -7 + 9. Let h(n) = n + 1 + m + 0*n. List the prime factors of h(3).
2, 3
Suppose 9*t - 5*t = 12. What are the prime factors of t?
3
Let d = 8 - 2. Let z(a) = 18 - 31 + a + 17. What are the prime factors of z(d)?
2, 5
Let f(y) = -12*y**3 - 2*y**2 + 1. Let u be (-2)/(4 - (2 - 0)). What are the prime factors of f(u)?
11
Suppose 0 = 5*s + 86 + 334. Let i = s - -120. List the prime factors of i.
2, 3
Suppose 0*v - 4*v + 292 = 0. What are the prime factors of v?
73
Let g(r) = -r + 1. Let z be g(4). Suppose s = 2*y + 4 + 10, -3*y - s - 31 = 0. Let p = z - y. List the prime factors of p.
2, 3
Suppose 2*d - 5*g - 135 = 0, g - 2*g - 196 = -3*d. List the prime factors of d.
5, 13
Let f(a) = 8*a + 8. Let m be f(7). Suppose -y + m = y. What are the prime factors of y?
2
Suppose 4*v = 4*s - v + 8, -5*s + 5*v = 5. Suppose s*z - 5*q = 1, 9 = 4*z + 3*q - 2*q. List the prime factors of z.
2
Let q(y) = y**2 - 7*y + 4. Let b be q(5). What are the prime factors of (-153)/b + 2/(-4)?
5
Let o(z) = -z**2 - 2*z + 48. List the prime factors of o(0).
2, 3
Suppose 4*z = j - 31, 3*j + 35 = -0*z - 4*z. Let x = z + 24. What are the prime factors of x?
2
Let v be 0/(2 + -1) - 6. Let k be (-4)/14 + (-107)/(-7). Let b = v + k. List the prime factors of b.
3
Let o(b) = -10*b - 2. Suppose 2*d + w = -3, -5*d + w = 6*w. What are the prime factors of o(d)?
2, 7
Suppose -3*r + 53 = -k - 4*k, -3*r + 44 = 4*k. List the prime factors of r.
2
Let d = 10 - 22. Let c be (-30)/(-9)*d/(-10). Suppose -33 = -c*t + t. List the prime factors of t.
11
Suppose -2*w + 2 = -4. Suppose -r + 16 = w*r. What are the prime factors of r?
2
Let b(f) = f**3 + 2*f**2 - f. List the prime factors of b(1).
2
Let o = 7 - -2. Let z = o + -4. Suppose -5*j - b = -3*j, 3*b = -z*j - 2. List the prime factors of j.
2
Let a(y) = y**3 - 4*y**2 + 2*y. Let v be a(4). Suppose 25 = v*z - 3*z. Let g(i) = -i**3 + 6*i**2 - 4*i + 3. List the prime factors of g(z).
2
Let m(p) = p**3 - 4*p**2 + 3*p + 3. Let q be m(3). Suppose 0 = 3*f - q*x - 15, 5*f + x = 5*x + 24. What are the prime factors of f?
2
Suppose 6 = 2*q + 22. Let o = q - -23. List the prime factors of 1*-3*o/(-9).
5
Suppose 2*l - 412 = -2*u, 3*u - 5*u + 202 = l. List the prime factors of l.
2, 3, 5, 7
Suppose -3*i = -11 - 1. Suppose -3*d = 5*q - 10, i*q - d - 16 = -5*d. Let k(y) = -13*y**3 + y. List the prime factors of k(q).
2, 3
Let g be (0/1)/(-3 + 1). What are the prime factors of (-1)/(-4)*(g + 12)?
3
Let m = -144 + 307. What are the prime factors of m?
163
Suppose 4*u - 2*h = 258, 4*u - 3*h - 218 = 45. List the prime factors of u.
2, 31
Suppose 4*c + 30 = 6*c. List the prime factors of c/(2*1/2).
3, 5
Suppose 2*g - 60 = 4*p, -g - 3*p + 0*p = -30. Suppose -6*f = -f - g. List the prime factors of (48/10)/(f/20).
2
Suppose 1246 = 10*j - 3*j. What are the prime factors of j?
2, 89
Suppose -11 = -5*z + 4. Suppose -z*g + 16 = 2*f - 42, 0 = -2*g + 3*f + 56. What are the prime factors of g?
2, 11
Let z = -41 - -84. List the prime factors of z.
43
List the prime factors of ((-944)/12)/(-1) - (-4)/(-6).
2, 3, 13
Suppose 4*r + 1410 = 5*j, 4*r = -2*j - 3*j + 1450. List the prime factors of j.
2, 11, 13
Suppose -8 = -4*k + 5*h, 11 = k - h + 2*h. List the prime factors of k.
7
Let r = 192 - 53. Suppose 0 = -4*x - 3*h + r, -5*x + 172 = 4*h - 1. What are the prime factors of x?
37
Suppose 2*u + 12 = 4*u. List the prime factors of 75*(1 + u/(-10)).
2, 3, 5
Suppose -4 = 2*p, 0*g + 2*p = -5*g + 86. Let a = -47 + g. Let v = 40 + a. What are the prime factors of v?
11
Let v(u) be the second derivative of -u**5/40 - u**4/8 + u**3/2 + 2*u. Let s(h) be the second derivative of v(h). List 